w be (m/9)/((-2)/(-24)). Calculate b(w).
-1
Let g be (-4)/(-24) + 493/102. Let l(u) be the third derivative of 0 - 1/6*u**4 + 7/60*u**g - 1/120*u**6 + 0*u - 1/2*u**3 - 2*u**2. Determine l(6).
9
Let j(l) = l**3 + 3*l**2 - l + 1. Let b be j(-3). Suppose -3*d - 10 + b = 0. Let o(u) = 4*u**2 - 23*u**2 + 17*u**2 - u + 6*u**3 - 2 - 7*u**3. What is o(d)?
0
Let b(a) be the second derivative of -a**5/20 - a**4/6 + 5*a**3/6 + 3*a**2/2 + a. Let g be 210/3465 - 101/33. Give b(g).
-3
Let d(x) = 2*x**2 - 4*x - 2. Suppose 25 = -15*n + 460. Suppose -4 = n*r - 30*r. Determine d(r).
14
Let v(l) = -l**3 + 7*l**2 - 6*l + 1. Let j(o) = 2*o**2 + 19*o + 14. Let g = -22 - -13. Let t be j(g). What is v(t)?
21
Let s = 384 + -381. Let j(m) be the second derivative of -2*m + 1/3*m**4 + 5/6*m**s + 0 + 7/2*m**2 - 1/20*m**5. What is j(5)?
7
Let b(t) = t + 4. Let i(d) = -d - 4. Let v(w) = 4*b(w) + 5*i(w). Let f(z) = 4*z**2 - 3*z + 2. Let c be f(1). Suppose -4*o + c*o = 2*q, 15 = 5*q. Give v(o).
2
Let i = 2269 + -2265. Let v(q) = -3*q**2 + 13*q - 5. What is v(i)?
-1
Let x be (-486)/1134 - (-4)/(-7). Let a(n) = -5*n**2 + 4*n + 3. Give a(x).
-6
Suppose 2*t - 8 = h, h = -4*t + 4 + 12. Let d(z) = -z**3 + 6*z**2 - 11*z + 6. What is d(t)?
-6
Let c(n) = -n**2 + 13*n - 10. Let i be c(11). Suppose -5*m + m = -12. Let r(x) = 0*x + 5*x - m*x + i. Calculate r(-8).
-4
Let c(u) = -u**3 - 5*u**2 - 6*u - 1. Let l = 160 - 164. Calculate c(l).
7
Let k(a) be the first derivative of a**3/3 - 2*a**2 + 7*a - 200. Give k(5).
12
Let f be (-2)/(-2 - 25/(-10)). Let c be f/8 - 6/12. Let m(o) = -5*o**3 - o. Determine m(c).
6
Let j(v) = -2*v - 7. Let k(g) = -1 - 6*g + 15*g - 8*g. Let d(z) = -j(z) - 3*k(z). What is d(7)?
3
Suppose -3*h + 6 = -0*h. Let c(r) be the second derivative of -1/4*r**4 + 0 + 1/2*r**3 + 17*r + 1/20*r**5 + 0*r**2. What is c(h)?
2
Let j(d) = -2*d**2 - 8*d + 5. Let m(l) = l**2 + 4*l - 3. Let t(a) = 3*j(a) + 5*m(a). Suppose -428 + 533 = -15*y. Give t(y).
-21
Let t(z) = z + 2. Let x be t(6). Let m(s) be the third derivative of -s**5/60 + s**4/4 + 7*s**3/6 - s**2 - 290. Calculate m(x).
-9
Suppose 4*k = 551*i - 554*i + 18, -3*i + 3*k = 3. Let v(r) be the second derivative of -7*r + r**i + 1/6*r**4 + 0 + 1/3*r**3. Calculate v(-2).
6
Let h(q) = 2*q - 1. Suppose -a + 4*t + 13 + 8 = 0, -2*t + 12 = 4*a. Let n be 2 - 0 - (a + -8). Give h(n).
9
Let m(t) = -t**2 - 8*t - 7. Let r be m(-7). Let v(q) = -q**2 + r + 3 + q + 4. What is v(0)?
7
Let n(r) = 4*r**2 - 2*r + 1. Suppose -2*y - 68 = 32*y. Determine n(y).
21
Let v(y) = 25*y**2 + 30*y + 30. Let j(o) = o**2 + o + 1. Let l(t) = 30*j(t) - v(t). Let k be l(1). Let h(a) = 2*a - 7. Determine h(k).
3
Let b = 80 + -49. Let y = b - 31. Let i(k) = k**2 - k. Determine i(y).
0
Let n(f) be the first derivative of 3*f**2/2 + 2*f + 1. Let x(b) = -11*b - 6. Let g(t) = 7*n(t) + 2*x(t). Give g(2).
0
Let k(m) be the first derivative of m**3/3 + 7*m**2/2 - m - 168. What is k(-5)?
-11
Let r be 97/2 + 36/24. Let p(z) = -52 + 103 + z - r. Let c(o) = o. Let u be c(-5). Calculate p(u).
-4
Let n be 8*3*(-1)/3. Let r(l) = l**2 + 8*l - 7. Give r(n).
-7
Let n = -20 + 20. Suppose -12 = 4*y - 5*q - n, 0 = -2*q + 8. Let r(u) = -4 - u**2 + 6 - 4*u**2 + 6*u**y. Calculate r(-3).
11
Let h(f) = -f**3 - 5*f**2 + 8*f + 9. Suppose -s = 5*j - 18, -13*s + 8*s = 5*j + 10. Give h(s).
51
Suppose 0 = 2*b + 3 + 29. Let a = -13 - b. Let y(p) = -13*p**3 + 14*p**a + 1 - p - p**2 + 2*p. What is y(0)?
1
Let t(l) be the first derivative of -l**5/120 - 7*l**4/24 - 2*l**3/3 - 11. Let w(v) be the third derivative of t(v). Give w(0).
-7
Suppose -x - 12 = 2*h, 3 = -4*h + 3*h - 2*x. Let t(r) = r**3 + 6*r**2 + r - 7. Calculate t(h).
-63
Let n(k) = -16 + 14 - 4*k - 11. Calculate n(-9).
23
Let r(h) = 22*h**3 + h**2 - 4*h - 8. Let j(k) = -15*k**3 - k**2 + 3*k + 6. Let x(w) = 7*j(w) + 5*r(w). Determine x(-1).
-6
Let f(h) = -h**3 + 4*h**2 + 6*h - 2. Let u = -65 + 68. Suppose u*w = -2*w + 20. Calculate f(w).
22
Let t be (1*(2 - 8))/1. Let k = t - -8. Let w(j) = 3*j + 2. Let r(x) = -2*x - 2. Let q(c) = -2*r(c) - 3*w(c). What is q(k)?
-12
Let m(k) be the first derivative of k**5/120 - 7*k**4/24 + 13*k**3/3 + 18. Let s(j) be the third derivative of m(j). Determine s(-7).
-14
Let l(q) = 0*q + 3*q + 2*q - q**2 - 9*q + 7*q. Calculate l(4).
-4
Let b(y) = -1. Let l(a) = -a - 2. Let r(q) = 4*b(q) - l(q). Give r(4).
2
Let d(i) = 6*i**2 - 2*i + 1. Let f(o) = -6*o**2 + 2*o - 1. Let c be (-36)/24*16/6. Let l(q) = c*d(q) - 3*f(q). Give l(1).
-5
Let f(r) = -r**3 - 5*r**2 - 5*r + 2. Suppose 5*g - 5*x - 33 = 17, 3*x + 18 = 2*g. Suppose -2*n = -n - c - 14, -2*n - 4*c + 40 = 0. Let s = g - n. What is f(s)?
6
Let u(s) = -12*s**3 + 2*s**2 - s - 2. Let v = -2103 + 2102. Calculate u(v).
13
Let y(w) = w**3 + 4*w**2 + 3*w - 1. Let p be y(-3). Let d(q) = -q**2 - 226062*q + 3*q**3 + 3*q**3 + 226061*q. What is d(p)?
-6
Let s(j) = 2*j + 20. Let c be s(-9). Let a(g) = 7*g + 2 - c - 1 + 7*g. Give a(1).
13
Let p(r) = -r**2 - 12*r - 18. Let b be p(-10). Let m(d) = 1444 + b*d - 1444. Determine m(3).
6
Let m(a) = 13*a - 55*a + 39*a - 40. Give m(-11).
-7
Let n = 428 + -421. Let g(r) = -r**3 + 6*r**2 + 2*r + 6. Calculate g(n).
-29
Let r = 16 - 5. Let y(q) = r*q - 5 + q**2 + 6 + 5 + 3. Determine y(-10).
-1
Let l(o) = 8*o + 81 - 27 - 19 - 18 - 21. Determine l(3).
20
Let n(r) = 8*r + 1. Let f be (63/14 - 3)*8/6. Suppose -2*s - 2*y + 12 = 0, s - 2*y + 2 = -f*s. Determine n(s).
17
Let q(m) = -14703*m + 1 - 3 + m**2 + 14705*m. Calculate q(6).
46
Let k be 54/(-10) + (-30)/50. Let m(x) = x**2 + 7*x + 4. Determine m(k).
-2
Let a(h) = -h**3 + 8*h**2 - 5*h - 7. Suppose -v + 2*o - 3 = 0, -3*o = 5*v - 2*o - 40. Give a(v).
7
Let k(o) = 9*o - 21. Let c(j) = -25*j + 61. Let t(w) = -6*c(w) - 17*k(w). Let q(n) = -n**2 - 3*n - 2. Let z be q(-4). Determine t(z).
9
Let j be (-3 + (-26)/(-10))*-5. Suppose 9 = -j*g + 15. Let r(x) = -2*x**2 + 2*x - 1. Calculate r(g).
-13
Let u be (-1)/(-4) + 49/28. Let l(p) = 10 - p**2 - 3 - u*p + 3*p. Suppose 2*q + 0*q - 3*i + 9 = 0, -2*q + 2*i - 6 = 0. Calculate l(q).
7
Let w = -12 - -17. Let o(t) = -8859*t + 5 + 8854*t + t**2 - 6. Determine o(w).
-1
Let v(r) = 2*r - 10. Suppose 124 = 59*h + 3*h. Calculate v(h).
-6
Let x(u) = -4 + 4887751*u - 4887750*u + 1. Let o be 8 - (3 - (1 - -1)). Calculate x(o).
4
Let h(t) be the first derivative of -t**2/2 + 2*t + 6. Let z be (1 - 5)*(-3)/2. Suppose -o + 0 = -z. Calculate h(o).
-4
Let t = 118 - 123. Let y(c) = -4*c - 4. Give y(t).
16
Let m be -7 + (248 + -248)/(1 - -1). Let t(c) = -c**2. Let b(s) = 5*s**2 - 4*s + 7. Let z(l) = b(l) + 6*t(l). Give z(m).
-14
Let r(j) = -4*j**2 - j + 1. Suppose 0 = -9*u + 35 - 53. Determine r(u).
-13
Let h = -15 + 22. Suppose 3*i = -5 - h. Let n(g) = g + 6. Let p(m) = m + 7. Let z(b) = 4*n(b) - 3*p(b). What is z(i)?
-1
Let m be 21*(-4)/(-12) + (0 - 5). Let a(c) be the second derivative of -1/2*c**3 + 0 - m*c - 1/12*c**4 - 3/2*c**2. Calculate a(-2).
-1
Let v(x) = -x**2 - 3*x + 1. Let t = 16 - 26. Let f = -71 + 77. Let h = t + f. What is v(h)?
-3
Let u(t) = -3*t - 25. Let k(w) = -3*w - 33. Let m(z) = -3*k(z) + 4*u(z). What is m(7)?
-22
Suppose 8*w + 50*w + 174 = 0. Let c = -2 + 3. Let x(b) = b - 1. Let m(n) = 3. Let s(f) = c*m(f) + 3*x(f). Calculate s(w).
-9
Suppose -5*g - 5*j = 0, -3*j + 15 - 3 = -3*g. Let c(x) = -x**2 + 3*x. What is c(g)?
-10
Suppose s = 6*s + 15, u - 5*s = 18. Let b = -35 - -59. Suppose 2*t = u*h + 5*t - b, 16 = h + 3*t. Let a(l) = -l**3 + 3*l**2 + 3*l + 5. Determine a(h).
1
Suppose -5*v - 165 = -0. Let x = v - -30. Let t(r) = -3*r - 4. Determine t(x).
5
Let r(w) = 27*w - 8*w - 6*w - 10*w - 6. Let c = 15 + -9. What is r(c)?
12
Let l(k) = -3 + 359*k + 360*k + 5 + 358*k - 1082*k. Suppose 0*d - 4*u = -3*d + 14, 4*d - 3*u = 14. Calculate l(d).
-8
Let a(o) = o**3 - 2*o**2 + 3*o - 1. Let n(x) = 2*x + 32. Let z be n(-15). Calculate a(z).
5
Let x(n) = -n + 5. Let u(o) = 2*o - 14. Let d(p) = -3*u(p) - 5*x(p). Determine d(18).
-1
Let x(l) = l**2 + 12*l + 17. Suppose -64 = 6*r - 16. Determine x(r).
-15
Let s = -490 - -496. Let p(q) = q**3 - 7*q**2 + 8*q - 8. Give p(s).
4
Let g(x) = -1 + 5*x + x + x. Let w = -234 - -235. Calculate g(w).
6
Let o(g) = 3*g**3 + 8*g**2 - 5*g + 4. Let c(y) = y**3 + y**2 - y + 1. Let p(l) = 2*c(l) - o(l). Give p(-7).
26
Let d